-2*o - 3*n - 0*n. Let l be ((-28)/14)/(o/(-60)). Let c = l - -192. What is the highest common factor of c and 18?
18
Suppose 2*p - 4 = -16. Let y be p/33 + (-664)/(-22). Let c be 3 + (0 - 9/3)/(-1). Calculate the greatest common divisor of c and y.
6
Suppose -6*h = -274 - 692. Calculate the greatest common divisor of 23 and h.
23
Let g be (-4)/(-8)*-4*-1. Suppose 66 = g*z + 4*z. Calculate the highest common divisor of z and 11.
11
Let p(o) = -28*o - 16. Let l be p(-7). Suppose -5*h + 0 = -4*k - 100, 4*k = 2*h - 40. What is the greatest common divisor of l and h?
20
Let p(d) = 104*d**2 + 4*d + 2. Suppose -2*x + 1 = -h - 0, 4*h = -5*x - 4. Let n be p(h). Calculate the highest common divisor of 34 and n.
34
Let r(y) = -y**2 + 11*y + 13. Let l be r(12). What is the greatest common factor of 1 and l?
1
Let m be 70/25 + (-3 - (-64)/20). Suppose 0 = 2*f - f, 2*g = m*f + 44. Calculate the highest common factor of g and 22.
22
Let r(l) = -l**3 + 12*l**2 - l + 28. Let i be r(12). What is the highest common divisor of i and 6?
2
Suppose -96*s - 6*s + 5100 = 0. Calculate the greatest common factor of 30 and s.
10
Let f(t) = -t + 9. Let j be f(8). Let l be (49/21)/(j/48). Calculate the greatest common factor of 7 and l.
7
Suppose -2 = -2*g, 0 = -7*i + 4*i + 5*g + 139. Calculate the greatest common divisor of i and 256.
16
Let l = 121 - 117. What is the greatest common factor of l and 12?
4
Suppose -2*w = -g - 8, 0 = -5*w + 2*g + 1 + 19. Suppose -3*m = m + w, 4*u - 3*m - 11 = 0. What is the greatest common divisor of u and 18?
2
Suppose 3 = -3*p + 15. Suppose w = -p*w + 270. Let l be (-3)/(-2) - w/(-4). What is the greatest common divisor of 10 and l?
5
Let j be -4*2 + 4 - 0. Let c be 46/(4/((-8)/j)). What is the highest common factor of c and 253?
23
Suppose 9*r + 406 = 16*r. What is the highest common divisor of 406 and r?
58
Let j = 20 - 20. Suppose -3023 = 4*d + 3*a, 2*a = -d - j*a - 757. Let k = -539 - d. What is the highest common factor of k and 27?
27
Let c be 952/102*603/6. Calculate the greatest common factor of c and 536.
134
Let o = 4 - -18. Suppose -5*n + 12 = 2. Let g be 1*n - (-7 + 7). Calculate the highest common factor of o and g.
2
Suppose 2*s - 100 = 4*q, s - q = -3*s + 193. Let t = 584 - 578. What is the highest common divisor of t and s?
6
Suppose -4*l = 3*i - 106, i = 5*l - 2*l - 86. Suppose 612*c - 636*c = -1008. What is the greatest common factor of l and c?
14
Let h = -44 + 300. Calculate the greatest common divisor of h and 8.
8
Let w = -538 - -556. What is the highest common divisor of w and 279?
9
Suppose 41 = 14*k - 113. Calculate the highest common factor of 253 and k.
11
Let c = 212 - 116. Let t = 3 + c. Let u be 22/2 - (5 + 12/(-4)). What is the highest common factor of u and t?
9
Let m = -396 - -403. What is the highest common divisor of m and 189?
7
Let d be (-28)/((-30)/(-9) + -4). Suppose 7*m - 12 = 3*m. Suppose -m*x + 28 = -x. What is the highest common divisor of d and x?
14
Suppose 0 = -4*l + 3*l + 12. Let i = l + -10. Suppose -i*a + 0*a + 72 = 0. What is the highest common divisor of a and 12?
12
Let d be 3/(16/40 + 109/(-274)). Calculate the greatest common divisor of 10 and d.
10
Suppose -3*t = 5*x - 46, 73*t - 76*t + 3*x + 6 = 0. Calculate the highest common divisor of 581 and t.
7
Let q be 10/3 - 3520/(-96). What is the greatest common divisor of 140 and q?
20
Let d(w) = -w**3 - 12*w**2 - 29*w + 31. Let v be d(-8). What is the highest common divisor of v and 266?
7
Suppose -5*o + 0*v - 5*v = -50, -2*o = -4*v - 38. Suppose -4*l = -4*p - 8*l + 120, -4*p - 3*l = -116. Calculate the greatest common factor of p and o.
13
Let x be -2 - 1/((-5)/(-60)). Let v be (-21)/(10/(-6) - x/21). What is the greatest common factor of v and 210?
21
Let d = -276 - -287. What is the greatest common factor of 11 and d?
11
Let u = -33 + 40. Let l(g) = g**2 - g - 1. Let m be l(2). Let r be 0 + (m + 6)*8. What is the greatest common divisor of u and r?
7
Suppose 4 = -l - 0, -3*o = 4*l - 242. Calculate the highest common divisor of 43 and o.
43
Let m be 3/5 - (-2270)/50. Let o = m + -18. Calculate the highest common divisor of o and 4.
4
Let b = -21 - -26. Suppose -3*j = 3*p - 4 - 2, -b*p - 4*j + 14 = 0. Suppose -2*c - 4*m = -9*m - 6, 3*c = m + 9. Calculate the highest common divisor of c and p.
3
Let i = 32 - 21. Suppose 16*b - i*b = 660. Calculate the greatest common factor of b and 12.
12
Let b = 9 - -13. Suppose 0 = -4*o, 3*o + 8 = -0*x - 4*x. Let h be 3 + x*104/(-4). What is the highest common divisor of h and b?
11
Let v be 2*(-1 - 642/(-4)). Suppose -73 - 14 = -3*z. What is the highest common factor of v and z?
29
Suppose 3*c - 36 + 162 = 0. Let z be 1/(-6) - 595/c. Let m = -62 + 90. Calculate the highest common factor of m and z.
14
Let g = -28 - -156. What is the highest common factor of g and 24?
8
Let s = -388 - -440. Calculate the highest common factor of s and 143.
13
Let s(j) = -20*j - 26. Let c be s(-7). What is the highest common factor of c and 76?
38
Suppose -8*v + 1216 = -800. Calculate the greatest common factor of v and 63.
63
Suppose 5*t + 77 = 3*u - 197, 0 = u - 5*t - 98. Let f = 15 - 11. Suppose -x + 40 = f*x. What is the highest common factor of x and u?
8
Suppose y = y + y. Suppose -8*o + 50 = 2*z - 6*o, y = 4*z - o - 115. Calculate the greatest common divisor of 4 and z.
4
Suppose -2*i + 282 - 74 = 0. Suppose 3*r - 2*r = -5*w + 4, 4*w - i = -5*r. Let z = -5 - -8. Calculate the greatest common divisor of r and z.
3
Let l = 6 - 1. Let y = -3 + 3. Suppose y = l*d + 5, -d - 27 = -n - 4*d. Calculate the greatest common divisor of 60 and n.
30
Let i(o) = -9*o**2 + 226*o + 75. Let b be i(23). What is the greatest common factor of 112 and b?
16
Suppose 16 - 20 = -2*s. Suppose -s*u + 11 = -37. Calculate the highest common divisor of u and 60.
12
Suppose 0 = 5*u - 8 + 33. Let x(o) = -o**3 + 3*o**2 + 5*o - 4. Let a be x(u). What is the greatest common divisor of a and 19?
19
Let z = 38 + 0. Let v = -37 + z. Let u = -1 - -4. Calculate the highest common factor of u and v.
1
Let d = 32 - 9. Suppose 0 = -d*w + 18*w + 440. Calculate the greatest common factor of 11 and w.
11
Let m(b) = -b**2 - 8*b - 7. Let g be m(-7). Suppose g = 4*z - 6*z + 12. What is the greatest common divisor of 30 and z?
6
Suppose 61 = 2*c - 2*j + j, 4*c + j = 131. Let b be (-2 + -8)*(-31 + -1). What is the highest common divisor of c and b?
32
Let f(j) = 28*j**2 - j + 1. Suppose 4*w = -0*w + 4. Let a be f(w). Let k = 40 + -33. What is the greatest common divisor of k and a?
7
Let k be (64/6)/2 + 1/(-3). Suppose -s = -k*f + 116, -4*f - 5*s - 39 = -155. Calculate the highest common divisor of 6 and f.
6
Let m be (-1394)/(-3) - (-11)/((-66)/4). Suppose -8*h + m = -0*h. Calculate the highest common divisor of h and 145.
29
Let w(u) = 12*u + 128. Let d be w(-7). Calculate the highest common factor of d and 308.
44
Suppose 1 + 13 = w. Let g = -293 + 521. Let f = g + -130. What is the greatest common divisor of w and f?
14
Let u(s) be the first derivative of -s**4/4 + 4*s**3 + 8*s**2 - 7*s - 2. Let w be u(13). Calculate the greatest common factor of w and 4.
4
Let i = -2590 + 2604. Suppose -2*j + 5*s = s - 18, 11 = j - 4*s. Calculate the highest common divisor of i and j.
7
Let s(x) = -6*x - 3. Let l be s(-3). Let g be l/(3 - 8) + -67. Let r = -40 - g. What is the highest common divisor of r and 10?
10
Let r = 175 - 111. Let j(c) = -4 - r*c + 2*c**2 + 64*c + 0. Let s be j(5). What is the highest common factor of s and 69?
23
Let b(v) = -2*v - 3. Let g be b(-2). Let d = -678 - -685. Calculate the highest common divisor of d and g.
1
Let s be (-15)/20*52/(-3). Calculate the greatest common factor of s and 637.
13
Let k be (-2 - -16)/7 - (-12 - -2). Suppose -5*l + 5*u + 260 = 0, k = -0*u + 3*u. What is the greatest common factor of 14 and l?
14
Let a = -714 - -896. What is the highest common divisor of a and 28?
14
Suppose 0 = -4*r - 11*k + 6*k + 549, 5*k = 4*r - 539. Calculate the highest common divisor of 119 and r.
17
Let x(i) = 11*i**2 - i. Let s be x(-1). Let y = -1397 - -1401. What is the highest common factor of y and s?
4
Let o be (-174)/(-6) + (-2)/(-2). Let b be (0 + -45)/(12/(-8)). Suppose i + b = 6*i. Calculate the highest common factor of i and o.